ctors of 85119.
3, 17, 1669
What are the prime factors of 25904?
2, 1619
What are the prime factors of 41792?
2, 653
What are the prime factors of 54888?
2, 3, 2287
What are the prime factors of 13115?
5, 43, 61
What are the prime factors of 29913?
3, 13, 59
List the prime factors of 4091.
4091
List the prime factors of 228.
2, 3, 19
List the prime factors of 2302.
2, 1151
What are the prime factors of 3988?
2, 997
What are the prime factors of 25258?
2, 73, 173
What are the prime factors of 242?
2, 11
What are the prime factors of 31194?
2, 3, 1733
List the prime factors of 4663.
4663
List the prime factors of 2381.
2381
List the prime factors of 79136.
2, 2473
What are the prime factors of 18174?
2, 3, 13, 233
What are the prime factors of 834?
2, 3, 139
List the prime factors of 139459.
139459
What are the prime factors of 11544?
2, 3, 13, 37
List the prime factors of 1065.
3, 5, 71
What are the prime factors of 1429?
1429
List the prime factors of 3496.
2, 19, 23
What are the prime factors of 12913?
37, 349
What are the prime factors of 9831?
3, 29, 113
List the prime factors of 6721.
11, 13, 47
What are the prime factors of 4553?
29, 157
What are the prime factors of 91?
7, 13
List the prime factors of 1055.
5, 211
List the prime factors of 1252.
2, 313
What are the prime factors of 780?
2, 3, 5, 13
List the prime factors of 3000.
2, 3, 5
What are the prime factors of 2269?
2269
What are the prime factors of 1040?
2, 5, 13
What are the prime factors of 1616?
2, 101
List the prime factors of 1585.
5, 317
List the prime factors of 127.
127
What are the prime factors of 68535?
3, 5, 1523
What are the prime factors of 9802?
2, 13, 29
What are the prime factors of 264?
2, 3, 11
What are the prime factors of 18570?
2, 3, 5, 619
What are the prime factors of 9475?
5, 379
List the prime factors of 5041.
71
What are the prime factors of 7206?
2, 3, 1201
List the prime factors of 460.
2, 5, 23
What are the prime factors of 48342?
2, 3, 7, 1151
What are the prime factors of 303?
3, 101
List the prime factors of 813.
3, 271
List the prime factors of 10644.
2, 3, 887
List the prime factors of 16646.
2, 7, 29, 41
What are the prime factors of 2855?
5, 571
List the prime factors of 102594.
2, 3, 17099
List the prime factors of 12241.
12241
What are the prime factors of 18580?
2, 5, 929
What are the prime factors of 56883?
3, 67, 283
List the prime factors of 40646.
2, 20323
What are the prime factors of 166416?
2, 3, 3467
List the prime factors of 26766.
2, 3, 1487
What are the prime factors of 124911?
3, 13879
What are the prime factors of 65979?
3, 7331
List the prime factors of 714.
2, 3, 7, 17
What are the prime factors of 139?
139
What are the prime factors of 960?
2, 3, 5
What are the prime factors of 8470?
2, 5, 7, 11
List the prime factors of 7210.
2, 5, 7, 103
List the prime factors of 12598.
2, 6299
What are the prime factors of 30508?
2, 29, 263
List the prime factors of 5203.
11, 43
List the prime factors of 7123.
17, 419
List the prime factors of 21480.
2, 3, 5, 179
List the prime factors of 51.
3, 17
List the prime factors of 30610.
2, 5, 3061
What are the prime factors of 724?
2, 181
List the prime factors of 1042.
2, 521
List the prime factors of 2156.
2, 7, 11
What are the prime factors of 113?
113
What are the prime factors of 7782?
2, 3, 1297
What are the prime factors of 5746?
2, 13, 17
What are the prime factors of 1796?
2, 449
List the prime factors of 488.
2, 61
List the prime factors of 844.
2, 211
List the prime factors of 8371.
11, 761
What are the prime factors of 26073?
3, 2897
List the prime factors of 8006.
2, 4003
What are the prime factors of 1454?
2, 727
What are the prime factors of 44168?
2, 5521
List the prime factors of 21495.
3, 5, 1433
What are the prime factors of 5034?
2, 3, 839
What are the prime factors of 2084?
2, 521
List the prime factors of 1089.
3, 11
List the prime factors of 32742.
2, 3, 17, 107
What are the prime factors of 20935?
5, 53, 79
List the prime factors of 7959.
3, 7, 379
What are the prime factors of 62543?
13, 17, 283
What are the prime factors of 1525?
5, 61
What are the prime factors of 20225?
5, 809
List the prime factors of 3945.
3, 5, 263
List the prime factors of 93.
3, 31
List the prime factors of 6777.
3, 251
What are the prime factors of 9859?
9859
List the prime factors of 37859.
17, 131
List the prime factors of 6693.
3, 23, 97
List the prime factors of 939.
3, 313
What are the prime factors of 1407?
3, 7, 67
What are the prime factors of 62686?
2, 13, 2411
List the prime factors of 10340.
2, 5, 11, 47
What are the prime factors of 11265?
3, 5, 751
List the prime factors of 6651.
3, 739
List the prime factors of 11758.
2, 5879
What are the prime factors of 116586?
2, 3, 17, 127
List the prime factors of 49432.
2, 37, 167
List the prime factors of 15851.
11, 131
List the prime factors of 13919.
31, 449
List the prime factors of 15039.
3, 557
List the prime factors of 37382.
2, 18691
What are the prime factors of 7930?
2, 5, 13, 61
What are the prime factors of 22988?
2, 7, 821
List the prime factors of 3106.
2, 1553
List the prime factors of 16719.
3, 5573
List the prime factors of 36970.
2, 5, 3697
What are the prime factors of 841?
29
List the prime factors of 48610.
2, 5, 4861
List the prime factors of 514.
2, 257
What are the prime factors of 6789?
3, 31, 73
List the prime factors of 1547.
7, 13, 17
List the prime factors of 1300.
2, 5, 13
List the prime factors of 95108.
2, 13, 31, 59
List the prime factors of 9426.
2, 3, 1571
What are the prime factors of 15226?
2, 23, 331
What are the prime factors of 1958?
2, 11, 89
List the prime factors of 27462.
2, 3, 23, 199
What are the prime factors of 1521?
3, 13
List the prime factors of 4378.
2, 11, 199
List the prime factors of 1132.
2, 283
What are the prime factors of 20028?
2, 3, 1669
What are the prime factors of 3936?
2, 3, 41
List the prime factors of 973.
7, 139
What are the prime factors of 57094?
2, 28547
What are the prime factors of 3919?
3919
What are the prime factors of 14173?
14173
What are the prime factors of 321?
3, 107
List the prime factors of 34664.
2, 7, 619
What are the prime factors of 121322?
2, 60661
List the prime factors of 863.
863
List the prime factors of 17755.
5, 53, 67
What are the prime factors of 6679?
6679
What are the prime factors of 54035?
5, 101, 107
What are the prime factors of 11046?
2, 3, 7, 263
What are the prime factors of 471?
3, 157
What are the prime factors of 30683?
61, 503
What are the prime factors of 649?
11, 59
What are the prime factors of 7103?
7103
What are the prime factors of 3362?
2, 41
List the prime factors of 2969.
2969
What are the prime factors of 728?
2, 7, 13
What are the prime factors of 52340?
2, 5, 2617
List the prime factors of 52103.
52103
What are the prime factors of 49970?
2, 5, 19, 263
What are the prime factors of 1164?
2, 3, 97
What are the prime factors of 63035?
5, 7, 1801
What are the prime factors of 793?
13, 61
What are the prime factors of 932?
2, 233
List the prime factors of 160172.
2, 23, 1741
What are the prime factors of 2989?
7, 61
List the prime factors of 1268.
2, 317
List the prime factors of 8384.
2, 131
List the prime factors of 2573.
31, 83
What are the prime factors of 24803?
17, 1459
What are the prime factors of 6073?
6073
List the prime factors of 19688.
2, 23, 107
List the prime factors of 2595.
3, 5, 173
What are the prime factors of 396?
2, 3, 11
List the prime factors of 27311.
31, 881
List the prime factors of 26373.
3, 59, 149
What are the prime factors of 21062?
2, 10531
What are the prime factors of 1030?
2, 5, 103
List the prime factors of 13140.
2, 3, 5, 73
List the prime factors of 11961.
3, 443
List the prime factors of 43179.
3, 37, 389
What are the prime factors of 41331?
3, 23, 599
List the prime factors of 10371.
3, 3457
What are the prime factors of 8571?
3, 2857
What are the prime factors of 29493?
3, 29, 113
What are the prime factors of 6214?
2, 13, 239
What are the prime factors of 421?
421
What are the prime factors of 454?
2, 227
What are the prime factors of 5902?
2, 13, 227
What are the prime factors of 668?
2, 167
What are the prime factors of 3065?
5, 613
List the prime factors of 42488.
2, 47, 113
